{"id":271,"date":"2024-01-15T11:36:36","date_gmt":"2024-01-15T15:36:36","guid":{"rendered":"https:\/\/www.transcampeao.com.br\/?page_id=271"},"modified":"2024-01-15T11:49:40","modified_gmt":"2024-01-15T15:49:40","slug":"orcamento","status":"publish","type":"page","link":"https:\/\/www.transcampeao.com.br\/?page_id=271","title":{"rendered":"Or\u00e7amento"},"content":{"rendered":"\n<div class=\"wp-block-columns is-layout-flex wp-container-core-columns-is-layout-9d6595d7 wp-block-columns-is-layout-flex\">\n<div class=\"wp-block-column is-layout-flow wp-block-column-is-layout-flow\">\n<h2 class=\"wp-block-heading\">Solicite seu or\u00e7amento<\/h2>\n\n\n\n<div class=\"wp-block-columns is-layout-flex wp-container-core-columns-is-layout-9d6595d7 wp-block-columns-is-layout-flex\">\n<div class=\"wp-block-column is-layout-flow wp-block-column-is-layout-flow\" style=\"flex-basis:25%\"><\/div>\n\n\n\n<div class=\"wp-block-column is-layout-flow wp-block-column-is-layout-flow\" style=\"flex-basis:50%\"><style id=\"wpforms-css-vars-root\">\n\t\t\t\t:root {\n\t\t\t\t\t--wpforms-field-border-radius: 3px;\n--wpforms-field-background-color: #ffffff;\n--wpforms-field-border-color: rgba( 0, 0, 0, 0.25 );\n--wpforms-field-text-color: rgba( 0, 0, 0, 0.7 );\n--wpforms-label-color: rgba( 0, 0, 0, 0.85 );\n--wpforms-label-sublabel-color: rgba( 0, 0, 0, 0.55 );\n--wpforms-label-error-color: #d63637;\n--wpforms-button-border-radius: 3px;\n--wpforms-button-background-color: #066aab;\n--wpforms-button-text-color: #ffffff;\n--wpforms-field-size-input-height: 43px;\n--wpforms-field-size-input-spacing: 15px;\n--wpforms-field-size-font-size: 16px;\n--wpforms-field-size-line-height: 19px;\n--wpforms-field-size-padding-h: 14px;\n--wpforms-field-size-checkbox-size: 16px;\n--wpforms-field-size-sublabel-spacing: 5px;\n--wpforms-field-size-icon-size: 1;\n--wpforms-label-size-font-size: 16px;\n--wpforms-label-size-line-height: 19px;\n--wpforms-label-size-sublabel-font-size: 14px;\n--wpforms-label-size-sublabel-line-height: 17px;\n--wpforms-button-size-font-size: 17px;\n--wpforms-button-size-height: 41px;\n--wpforms-button-size-padding-h: 15px;\n--wpforms-button-size-margin-top: 10px;\n\n\t\t\t\t}\n\t\t\t<\/style><div class=\"wpforms-container wpforms-container-full wpforms-block wpforms-block-7031a0e9-1eda-4849-840c-8a2c257d34ed wpforms-render-modern\" id=\"wpforms-264\"><form id=\"wpforms-form-264\" class=\"wpforms-validate wpforms-form wpforms-ajax-form\" data-formid=\"264\" method=\"post\" enctype=\"multipart\/form-data\" action=\"\/index.php?rest_route=%2Fwp%2Fv2%2Fpages%2F271\" data-token=\"92ac2fefc12cb88e03d0a5b42c58415b\"><noscript class=\"wpforms-error-noscript\">Ative o JavaScript no seu navegador para preencher este formul\u00e1rio.<\/noscript><div class=\"wpforms-hidden\" id=\"wpforms-error-noscript\">Ative o JavaScript no seu navegador para preencher este formul\u00e1rio.<\/div><div class=\"wpforms-field-container\"><div id=\"wpforms-264-field_0-container\" class=\"wpforms-field wpforms-field-name\" data-field-id=\"0\"><label class=\"wpforms-field-label\" for=\"wpforms-264-field_0\">Nome <span class=\"wpforms-required-label\" aria-hidden=\"true\">*<\/span><\/label><input type=\"text\" id=\"wpforms-264-field_0\" class=\"wpforms-field-large wpforms-field-required\" name=\"wpforms[fields][0]\" aria-errormessage=\"wpforms-264-field_0-error\" required><\/div><div id=\"wpforms-264-field_3-container\" class=\"wpforms-field wpforms-field-name\" data-field-id=\"3\"><label class=\"wpforms-field-label\" for=\"wpforms-264-field_3\">Empresa<\/label><input type=\"text\" id=\"wpforms-264-field_3\" class=\"wpforms-field-large\" name=\"wpforms[fields][3]\" aria-errormessage=\"wpforms-264-field_3-error\" ><\/div><div id=\"wpforms-264-field_1-container\" class=\"wpforms-field wpforms-field-email\" data-field-id=\"1\"><label class=\"wpforms-field-label\" for=\"wpforms-264-field_1\">E-mail <span class=\"wpforms-required-label\" aria-hidden=\"true\">*<\/span><\/label><input type=\"email\" id=\"wpforms-264-field_1\" class=\"wpforms-field-large wpforms-field-required\" name=\"wpforms[fields][1]\" spellcheck=\"false\" aria-errormessage=\"wpforms-264-field_1-error\" required><\/div><div id=\"wpforms-264-field_2-container\" class=\"wpforms-field wpforms-field-textarea\" data-field-id=\"2\"><label class=\"wpforms-field-label\" for=\"wpforms-264-field_2\">Informe a origem(ns) e detino(s) <span class=\"wpforms-required-label\" aria-hidden=\"true\">*<\/span><\/label><textarea id=\"wpforms-264-field_2\" class=\"wpforms-field-medium wpforms-field-required\" name=\"wpforms[fields][2]\" aria-errormessage=\"wpforms-264-field_2-error\" required><\/textarea><\/div><div id=\"wpforms-264-field_4-container\" class=\"wpforms-field wpforms-field-textarea\" data-field-id=\"4\"><label class=\"wpforms-field-label\" for=\"wpforms-264-field_4\">Informe o tipo de carga e observa\u00e7\u00f5es <span class=\"wpforms-required-label\" aria-hidden=\"true\">*<\/span><\/label><textarea id=\"wpforms-264-field_4\" class=\"wpforms-field-medium wpforms-field-required\" name=\"wpforms[fields][4]\" aria-errormessage=\"wpforms-264-field_4-error\" required><\/textarea><\/div><\/div><!-- .wpforms-field-container --><div class=\"wpforms-submit-container\" ><input type=\"hidden\" name=\"wpforms[id]\" value=\"264\"><input type=\"hidden\" name=\"wpforms[author]\" value=\"1\"><button type=\"submit\" name=\"wpforms[submit]\" id=\"wpforms-submit-264\" class=\"wpforms-submit\" data-alt-text=\"Enviando\u2026\" data-submit-text=\"Enviar\" aria-live=\"assertive\" value=\"wpforms-submit\">Enviar<\/button><img loading=\"lazy\" decoding=\"async\" src=\"https:\/\/www.transcampeao.com.br\/wp-content\/plugins\/wpforms-lite\/assets\/images\/submit-spin.svg\" class=\"wpforms-submit-spinner\" style=\"display: none;\" width=\"26\" height=\"26\" alt=\"Carregando\"><\/div><\/form><\/div>  <!-- .wpforms-container --><\/div>\n\n\n\n<div class=\"wp-block-column is-layout-flow wp-block-column-is-layout-flow\" style=\"flex-basis:25%\"><\/div>\n<\/div>\n\n\n\n<div class=\"wp-block-columns is-layout-flex wp-container-core-columns-is-layout-9d6595d7 wp-block-columns-is-layout-flex\">\n<div class=\"wp-block-column is-layout-flow wp-block-column-is-layout-flow\">\n<p>Transcampe\u00e3o Transportadora LTDA<\/p>\n\n\n\n<p>Rua Aroeira &#8211; V\u00e1rzea Grande &#8211; MT<\/p>\n\n\n\n<p>Fone:<a href=\"tel:+556536845242\"> (65) 3684-5242<\/a> &#8211; <a href=\"mailto:contato@transcampeao.com.br\">contato@transcampeao.com.br<\/a><\/p>\n<\/div>\n<\/div>\n<\/div>\n<\/div>\n","protected":false},"excerpt":{"rendered":"<p>Solicite seu or\u00e7amento Transcampe\u00e3o Transportadora LTDA Rua Aroeira &#8211; V\u00e1rzea Grande &#8211; MT Fone: (65) 3684-5242 &#8211; contato@transcampeao.com.br<\/p>\n","protected":false},"author":1,"featured_media":0,"parent":0,"menu_order":0,"comment_status":"closed","ping_status":"closed","template":"","meta":{"footnotes":""},"class_list":["post-271","page","type-page","status-publish","hentry"],"yoast_head":"<!-- This site is optimized with the Yoast SEO plugin v21.7 - https:\/\/yoast.com\/wordpress\/plugins\/seo\/ -->\n<title>Or\u00e7amento - Transcampeao<\/title>\n<meta name=\"robots\" content=\"index, follow, max-snippet:-1, max-image-preview:large, max-video-preview:-1\" \/>\n<link rel=\"canonical\" href=\"https:\/\/www.transcampeao.com.br\/?page_id=271\" \/>\n<meta property=\"og:locale\" content=\"pt_BR\" \/>\n<meta property=\"og:type\" content=\"article\" \/>\n<meta property=\"og:title\" content=\"Or\u00e7amento - Transcampeao\" \/>\n<meta property=\"og:description\" content=\"Solicite seu or\u00e7amento Transcampe\u00e3o Transportadora LTDA Rua Aroeira &#8211; V\u00e1rzea Grande &#8211; MT Fone: (65) 3684-5242 &#8211; contato@transcampeao.com.br\" \/>\n<meta property=\"og:url\" content=\"https:\/\/www.transcampeao.com.br\/?page_id=271\" \/>\n<meta property=\"og:site_name\" content=\"Transcampeao\" \/>\n<meta property=\"article:modified_time\" content=\"2024-01-15T15:49:40+00:00\" \/>\n<meta name=\"twitter:card\" content=\"summary_large_image\" \/>\n<meta name=\"twitter:label1\" content=\"Est. tempo de leitura\" \/>\n\t<meta name=\"twitter:data1\" content=\"1 minuto\" \/>\n<script type=\"application\/ld+json\" class=\"yoast-schema-graph\">{\"@context\":\"https:\/\/schema.org\",\"@graph\":[{\"@type\":\"WebPage\",\"@id\":\"https:\/\/www.transcampeao.com.br\/?page_id=271\",\"url\":\"https:\/\/www.transcampeao.com.br\/?page_id=271\",\"name\":\"Or\u00e7amento - Transcampeao\",\"isPartOf\":{\"@id\":\"https:\/\/www.transcampeao.com.br\/#website\"},\"datePublished\":\"2024-01-15T15:36:36+00:00\",\"dateModified\":\"2024-01-15T15:49:40+00:00\",\"breadcrumb\":{\"@id\":\"https:\/\/www.transcampeao.com.br\/?page_id=271#breadcrumb\"},\"inLanguage\":\"pt-BR\",\"potentialAction\":[{\"@type\":\"ReadAction\",\"target\":[\"https:\/\/www.transcampeao.com.br\/?page_id=271\"]}]},{\"@type\":\"BreadcrumbList\",\"@id\":\"https:\/\/www.transcampeao.com.br\/?page_id=271#breadcrumb\",\"itemListElement\":[{\"@type\":\"ListItem\",\"position\":1,\"name\":\"In\u00edcio\",\"item\":\"https:\/\/www.transcampeao.com.br\/\"},{\"@type\":\"ListItem\",\"position\":2,\"name\":\"Or\u00e7amento\"}]},{\"@type\":\"WebSite\",\"@id\":\"https:\/\/www.transcampeao.com.br\/#website\",\"url\":\"https:\/\/www.transcampeao.com.br\/\",\"name\":\"Transcampeao\",\"description\":\"Transportadora Campe\u00e3o\",\"publisher\":{\"@id\":\"https:\/\/www.transcampeao.com.br\/#organization\"},\"potentialAction\":[{\"@type\":\"SearchAction\",\"target\":{\"@type\":\"EntryPoint\",\"urlTemplate\":\"https:\/\/www.transcampeao.com.br\/?s={search_term_string}\"},\"query-input\":\"required name=search_term_string\"}],\"inLanguage\":\"pt-BR\"},{\"@type\":\"Organization\",\"@id\":\"https:\/\/www.transcampeao.com.br\/#organization\",\"name\":\"Transcampeao\",\"url\":\"https:\/\/www.transcampeao.com.br\/\",\"logo\":{\"@type\":\"ImageObject\",\"inLanguage\":\"pt-BR\",\"@id\":\"https:\/\/www.transcampeao.com.br\/#\/schema\/logo\/image\/\",\"url\":\"https:\/\/www.transcampeao.com.br\/wp-content\/uploads\/2023\/08\/Transcampeao.png\",\"contentUrl\":\"https:\/\/www.transcampeao.com.br\/wp-content\/uploads\/2023\/08\/Transcampeao.png\",\"width\":983,\"height\":371,\"caption\":\"Transcampeao\"},\"image\":{\"@id\":\"https:\/\/www.transcampeao.com.br\/#\/schema\/logo\/image\/\"}}]}<\/script>\n<!-- \/ Yoast SEO plugin. -->","yoast_head_json":{"title":"Or\u00e7amento - Transcampeao","robots":{"index":"index","follow":"follow","max-snippet":"max-snippet:-1","max-image-preview":"max-image-preview:large","max-video-preview":"max-video-preview:-1"},"canonical":"https:\/\/www.transcampeao.com.br\/?page_id=271","og_locale":"pt_BR","og_type":"article","og_title":"Or\u00e7amento - Transcampeao","og_description":"Solicite seu or\u00e7amento Transcampe\u00e3o Transportadora LTDA Rua Aroeira &#8211; V\u00e1rzea Grande &#8211; MT Fone: (65) 3684-5242 &#8211; contato@transcampeao.com.br","og_url":"https:\/\/www.transcampeao.com.br\/?page_id=271","og_site_name":"Transcampeao","article_modified_time":"2024-01-15T15:49:40+00:00","twitter_card":"summary_large_image","twitter_misc":{"Est. tempo de leitura":"1 minuto"},"schema":{"@context":"https:\/\/schema.org","@graph":[{"@type":"WebPage","@id":"https:\/\/www.transcampeao.com.br\/?page_id=271","url":"https:\/\/www.transcampeao.com.br\/?page_id=271","name":"Or\u00e7amento - Transcampeao","isPartOf":{"@id":"https:\/\/www.transcampeao.com.br\/#website"},"datePublished":"2024-01-15T15:36:36+00:00","dateModified":"2024-01-15T15:49:40+00:00","breadcrumb":{"@id":"https:\/\/www.transcampeao.com.br\/?page_id=271#breadcrumb"},"inLanguage":"pt-BR","potentialAction":[{"@type":"ReadAction","target":["https:\/\/www.transcampeao.com.br\/?page_id=271"]}]},{"@type":"BreadcrumbList","@id":"https:\/\/www.transcampeao.com.br\/?page_id=271#breadcrumb","itemListElement":[{"@type":"ListItem","position":1,"name":"In\u00edcio","item":"https:\/\/www.transcampeao.com.br\/"},{"@type":"ListItem","position":2,"name":"Or\u00e7amento"}]},{"@type":"WebSite","@id":"https:\/\/www.transcampeao.com.br\/#website","url":"https:\/\/www.transcampeao.com.br\/","name":"Transcampeao","description":"Transportadora Campe\u00e3o","publisher":{"@id":"https:\/\/www.transcampeao.com.br\/#organization"},"potentialAction":[{"@type":"SearchAction","target":{"@type":"EntryPoint","urlTemplate":"https:\/\/www.transcampeao.com.br\/?s={search_term_string}"},"query-input":"required name=search_term_string"}],"inLanguage":"pt-BR"},{"@type":"Organization","@id":"https:\/\/www.transcampeao.com.br\/#organization","name":"Transcampeao","url":"https:\/\/www.transcampeao.com.br\/","logo":{"@type":"ImageObject","inLanguage":"pt-BR","@id":"https:\/\/www.transcampeao.com.br\/#\/schema\/logo\/image\/","url":"https:\/\/www.transcampeao.com.br\/wp-content\/uploads\/2023\/08\/Transcampeao.png","contentUrl":"https:\/\/www.transcampeao.com.br\/wp-content\/uploads\/2023\/08\/Transcampeao.png","width":983,"height":371,"caption":"Transcampeao"},"image":{"@id":"https:\/\/www.transcampeao.com.br\/#\/schema\/logo\/image\/"}}]}},"_links":{"self":[{"href":"https:\/\/www.transcampeao.com.br\/index.php?rest_route=\/wp\/v2\/pages\/271","targetHints":{"allow":["GET"]}}],"collection":[{"href":"https:\/\/www.transcampeao.com.br\/index.php?rest_route=\/wp\/v2\/pages"}],"about":[{"href":"https:\/\/www.transcampeao.com.br\/index.php?rest_route=\/wp\/v2\/types\/page"}],"author":[{"embeddable":true,"href":"https:\/\/www.transcampeao.com.br\/index.php?rest_route=\/wp\/v2\/users\/1"}],"replies":[{"embeddable":true,"href":"https:\/\/www.transcampeao.com.br\/index.php?rest_route=%2Fwp%2Fv2%2Fcomments&post=271"}],"version-history":[{"count":2,"href":"https:\/\/www.transcampeao.com.br\/index.php?rest_route=\/wp\/v2\/pages\/271\/revisions"}],"predecessor-version":[{"id":275,"href":"https:\/\/www.transcampeao.com.br\/index.php?rest_route=\/wp\/v2\/pages\/271\/revisions\/275"}],"wp:attachment":[{"href":"https:\/\/www.transcampeao.com.br\/index.php?rest_route=%2Fwp%2Fv2%2Fmedia&parent=271"}],"curies":[{"name":"wp","href":"https:\/\/api.w.org\/{rel}","templated":true}]}}